{"id":225,"date":"2016-02-03T18:00:56","date_gmt":"2016-02-03T18:00:56","guid":{"rendered":"http:\/\/cepudohonduras.org\/?page_id=225"},"modified":"2018-09-04T20:43:13","modified_gmt":"2018-09-04T20:43:13","slug":"capitulo-omoa-cortes","status":"publish","type":"page","link":"http:\/\/cepudohonduras.org\/index.php\/capitulo-omoa-cortes\/","title":{"rendered":"Cap\u00edtulo Omoa"},"content":{"rendered":"<h3 style=\"text-align: center;\"><strong><span style=\"text-decoration: underline;\"><span style=\"color: #ff0000;\">Cap\u00edtulo Omoa,\u00a0Cort\u00e9s<\/span><\/span><\/strong><\/h3>\n<p style=\"padding-left: 60px;\">CEPUDO Omoa es una asociaci\u00f3n sin fines de lucro, creada con el prop\u00f3sito de ayudar al crecimiento econ\u00f3mico e intelectual de sus miembros. Fue fundada en el municipio de Omoa, Cort\u00e9s a iniciativa de la Se\u00f1ora Ligia Monteih de Milla en Agosto del a\u00f1o 2006.<\/p>\n<p style=\"padding-left: 60px;\">Con el apoyo incondicional de la Se\u00f1ora Linda Coello, Presidenta y Fundadora de CEPUDO, y la organizaci\u00f3n Food For The Poor, hemos logrado dar alimentaci\u00f3n, medicinas, ropa y calzado a m\u00e1s de 7,000 familias en el municipio de Omoa. Tambi\u00e9n capacitamos a m\u00e1s de 6,000 personas que ahora cuentan con una serie de conocimientos que les ayudaran a contribuir econ\u00f3micamente al sustento diario de sus familias y a la vez incrementar su autoestima formando as\u00ed hombres y mujeres comprometidos y capaces de mejorar el pa\u00eds.<\/p>\n<p>&nbsp;<\/p>\n<p style=\"text-align: center;\"><a href=\"http:\/\/cepudohonduras.org\/index.php\/quienes-somos\/\">Volver<\/a><\/p>\n","protected":false},"excerpt":{"rendered":"<p>Cap\u00edtulo Omoa,\u00a0Cort\u00e9s CEPUDO Omoa es una asociaci\u00f3n sin fines de lucro, creada con el prop\u00f3sito de ayudar al crecimiento econ\u00f3mico e intelectual de sus miembros. Fue fundada en el municipio&#8230;<\/p>\n","protected":false},"author":2,"featured_media":0,"parent":0,"menu_order":0,"comment_status":"closed","ping_status":"closed","template":"page-templates\/template-fullwidth.php","meta":[],"_links":{"self":[{"href":"http:\/\/cepudohonduras.org\/index.php\/wp-json\/wp\/v2\/pages\/225"}],"collection":[{"href":"http:\/\/cepudohonduras.org\/index.php\/wp-json\/wp\/v2\/pages"}],"about":[{"href":"http:\/\/cepudohonduras.org\/index.php\/wp-json\/wp\/v2\/types\/page"}],"author":[{"embeddable":true,"href":"http:\/\/cepudohonduras.org\/index.php\/wp-json\/wp\/v2\/users\/2"}],"replies":[{"embeddable":true,"href":"http:\/\/cepudohonduras.org\/index.php\/wp-json\/wp\/v2\/comments?post=225"}],"version-history":[{"count":11,"href":"http:\/\/cepudohonduras.org\/index.php\/wp-json\/wp\/v2\/pages\/225\/revisions"}],"predecessor-version":[{"id":4046,"href":"http:\/\/cepudohonduras.org\/index.php\/wp-json\/wp\/v2\/pages\/225\/revisions\/4046"}],"wp:attachment":[{"href":"http:\/\/cepudohonduras.org\/index.php\/wp-json\/wp\/v2\/media?parent=225"}],"curies":[{"name":"wp","href":"https:\/\/api.w.org\/{rel}","templated":true}]}}